on factor of 42 and 1246.
14
What is the greatest common factor of 115 and 46?
23
What is the greatest common factor of 126 and 210?
42
Calculate the highest common factor of 17574 and 303.
303
Calculate the highest common divisor of 2224 and 2641.
139
Calculate the greatest common factor of 8670 and 6.
6
What is the greatest common factor of 34 and 901?
17
Calculate the highest common divisor of 39 and 975.
39
Calculate the greatest common factor of 825 and 22.
11
Calculate the greatest common factor of 204 and 48.
12
What is the highest common divisor of 111 and 5587?
37
What is the highest common factor of 1185 and 15?
15
Calculate the greatest common divisor of 144 and 117.
9
What is the highest common factor of 50340 and 24?
12
Calculate the greatest common divisor of 22 and 1067.
11
What is the greatest common factor of 267 and 75?
3
Calculate the highest common factor of 32 and 1888.
32
Calculate the greatest common factor of 343 and 28.
7
Calculate the greatest common divisor of 2546 and 1742.
134
Calculate the greatest common factor of 494 and 76.
38
Calculate the greatest common divisor of 153 and 17.
17
What is the highest common divisor of 7 and 4739?
7
Calculate the greatest common divisor of 165 and 4840.
55
Calculate the highest common divisor of 6 and 292.
2
What is the highest common divisor of 1212 and 12?
12
Calculate the highest common factor of 810 and 10.
10
Calculate the greatest common factor of 12557 and 29.
29
What is the highest common factor of 112 and 1176?
56
Calculate the greatest common divisor of 416 and 182.
26
What is the greatest common factor of 436 and 3?
1
What is the highest common factor of 108 and 1242?
54
Calculate the greatest common divisor of 2817 and 313.
313
What is the highest common divisor of 864 and 24840?
216
Calculate the highest common factor of 28 and 1442.
14
Calculate the highest common factor of 220 and 990.
110
Calculate the highest common divisor of 165 and 33.
33
Calculate the greatest common factor of 512 and 15104.
256
What is the highest common factor of 52 and 312?
52
Calculate the highest common divisor of 780 and 54.
6
Calculate the greatest common divisor of 1628 and 6956.
148
What is the highest common divisor of 117 and 65?
13
Calculate the greatest common factor of 4 and 14.
2
What is the greatest common factor of 28 and 10724?
28
Calculate the greatest common divisor of 27 and 270.
27
Calculate the greatest common divisor of 40 and 3300.
20
Calculate the greatest common divisor of 70 and 532.
14
What is the greatest common divisor of 30 and 1605?
15
What is the greatest common factor of 234 and 3393?
117
What is the highest common divisor of 360 and 576?
72
Calculate the highest common factor of 1 and 151.
1
Calculate the greatest common divisor of 42 and 714.
42
What is the highest common factor of 117 and 63?
9
What is the highest common divisor of 25 and 475?
25
Calculate the greatest common factor of 4725 and 351.
27
Calculate the greatest common factor of 70 and 100.
10
What is the highest common divisor of 120 and 750?
30
What is the greatest common factor of 104 and 1690?
26
Calculate the highest common factor of 14 and 2282.
14
Calculate the greatest common factor of 12 and 764.
4
Calculate the highest common divisor of 126 and 198.
18
What is the highest common factor of 2292 and 24?
12
Calculate the greatest common factor of 780 and 80.
20
What is the highest common factor of 12 and 36?
12
Calculate the highest common factor of 210 and 330.
30
Calculate the greatest common divisor of 15 and 8655.
15
What is the highest common factor of 70 and 56?
14
Calculate the highest common factor of 6 and 114.
6
Calculate the greatest common divisor of 103 and 3193.
103
Calculate the greatest common divisor of 4 and 1948.
4
Calculate the greatest common divisor of 168 and 1512.
168
What is the highest common divisor of 338 and 1846?
26
Calculate the highest common factor of 598 and 104.
26
Calculate the greatest common divisor of 81 and 306.
9
What is the highest common factor of 1818 and 3?
3
What is the greatest common divisor of 780 and 216?
12
What is the highest common factor of 754 and 232?
58
What is the highest common factor of 120 and 3930?
30
Calculate the highest common factor of 117 and 585.
117
Calculate the highest common divisor of 23 and 3611.
23
What is the highest common factor of 4 and 100?
4
Calculate the greatest common divisor of 30 and 530.
10
What is the highest common divisor of 5782 and 154?
14
Calculate the highest common factor of 484 and 21538.
242
Calculate the greatest common divisor of 98 and 182.
14
What is the greatest common factor of 52 and 3380?
52
Calculate the greatest common factor of 252 and 18.
18
What is the greatest common factor of 39 and 455?
13
What is the highest common factor of 33 and 209?
11
Calculate the greatest common factor of 7154 and 438.
146
What is the highest common factor of 88 and 488?
8
What is the greatest common divisor of 26 and 3159?
13
What is the greatest common factor of 460 and 736?
92
What is the highest common divisor of 4 and 22?
2
Calculate the greatest common divisor of 80 and 340.
20
Calculate the highest common factor of 107 and 2889.
107
What is the greatest common factor of 18762 and 177?
177
What is the highest common divisor of 510 and 135?
15
What is the greatest common divisor of 292 and 4?
4
Calculate the greatest common factor of 74 and 518.
74
What is the highest common factor of 78 and 65?
13
What is the greatest common factor of 9618 and 126?
42
Calculate the highest common divisor of 638 and 58.
58
What is the greatest common factor of 234 and 54?
18
What is the greatest common divisor of 3 and 681?
3
What is the greatest common divisor of 25 and 5175?
25
Calculate the highest common factor of 145 and 1073.
29
Calculate the highest common factor of 1403 and 61.
61
Calculate the highest common divisor of 672 and 480.
96
Calculate the highest common factor of 6 and 42.
6
Calculate the highest common factor of 636 and 12.
12
Calculate the highest common factor of 999 and 37.
37
Calculate the greatest common divisor of 12936 and 11.
11
Calculate the greatest common factor of 259 and 148.
37
Calculate the highest common factor of 592 and 2257.
37
Calculate the highest common factor of 102 and 16014.
102
What is the highest common factor of 85 and 5?
5
What is the highest common factor of 25 and 1775?
25
What is the highest common divisor of 130 and 20?
10
What is the highest common divisor of 55683 and 269?
269
Calculate the highest common divisor of 154 and 88.
22
Calculate the highest common divisor of 7 and 462.
7
What is the highest common factor of 1104 and 5428?
92
What is the highest common factor of 623 and 56?
7
Calculate the greatest common divisor of 31 and 6696.
31
What is the highest common divisor of 350 and 5650?
50
What is the greatest common divisor of 1254 and 528?
66
Calculate the highest common divisor of 169 and 19.
1
Calculate the highest common divisor of 3872 and 32.
32
What is the highest common divisor of 48 and 396?
12
What is the greatest common divisor of 57 and 6346?
19
Calculate the greatest common divisor of 144 and 48.
48
Calculate the highest common divisor of 540 and 228.
12
Calculate the greatest common divisor of 62 and 434.
62
What is the greatest common divisor of 510 and 60?
30
What is the highest common factor of 770 and 110?
110
What is the highest common divisor of 344 and 215?
43
What is the greatest common factor of 1945 and 5?
5
What is the highest common factor of 236 and 4012?
236
Calculate the greatest common divisor of 532 and 399.
133
What is the greatest common factor of 46 and 2622?
46
Calculate the highest common factor of 6 and 279.
3
What is the highest common divisor of 1488 and 93?
93
What is the highest common divisor of 5 and 305?
5
What is the highest common factor of 4975 and 25?
25
What is the highest common factor of 800 and 1856?
32
What is the greatest common factor of 162 and 12?
6
Calculate the highest common factor of 57 and 38.
19
What is the highest common divisor of 15 and 55?
5
What is the greatest common factor of 30 and 3150?
30
What is the highest common factor of 2830 and 30?
10
Calculate the greatest common d